mainder when 251 is divided by 126?
125
Calculate the remainder when 840 is divided by 120.
0
What is the remainder when 158 is divided by 25?
8
Calculate the remainder when 936 is divided by 59.
51
Calculate the remainder when 558 is divided by 5.
3
What is the remainder when 1238 is divided by 235?
63
What is the remainder when 571 is divided by 7?
4
What is the remainder when 45 is divided by 15?
0
Calculate the remainder when 263 is divided by 4.
3
Calculate the remainder when 267 is divided by 30.
27
What is the remainder when 526 is divided by 76?
70
Calculate the remainder when 4198 is divided by 12.
10
What is the remainder when 187 is divided by 76?
35
Calculate the remainder when 1545 is divided by 119.
117
What is the remainder when 2572 is divided by 26?
24
Calculate the remainder when 227 is divided by 44.
7
What is the remainder when 133 is divided by 67?
66
What is the remainder when 632 is divided by 74?
40
What is the remainder when 62 is divided by 32?
30
Calculate the remainder when 4089 is divided by 32.
25
Calculate the remainder when 28 is divided by 1.
0
Calculate the remainder when 138 is divided by 21.
12
Calculate the remainder when 16760 is divided by 58.
56
What is the remainder when 278 is divided by 72?
62
Calculate the remainder when 116 is divided by 20.
16
What is the remainder when 8218 is divided by 30?
28
Calculate the remainder when 375 is divided by 54.
51
What is the remainder when 54 is divided by 19?
16
Calculate the remainder when 5549 is divided by 13.
11
Calculate the remainder when 64 is divided by 17.
13
Calculate the remainder when 2830 is divided by 22.
14
Calculate the remainder when 6520 is divided by 272.
264
Calculate the remainder when 88 is divided by 15.
13
Calculate the remainder when 819 is divided by 20.
19
What is the remainder when 1805 is divided by 31?
7
Calculate the remainder when 1074 is divided by 175.
24
What is the remainder when 367 is divided by 2?
1
What is the remainder when 4191 is divided by 131?
130
What is the remainder when 11216 is divided by 170?
166
What is the remainder when 1038 is divided by 113?
21
What is the remainder when 570 is divided by 24?
18
What is the remainder when 40990 is divided by 28?
26
What is the remainder when 860 is divided by 420?
20
What is the remainder when 262 is divided by 84?
10
What is the remainder when 212 is divided by 104?
4
What is the remainder when 285 is divided by 95?
0
What is the remainder when 737 is divided by 47?
32
What is the remainder when 503 is divided by 56?
55
Calculate the remainder when 438 is divided by 41.
28
Calculate the remainder when 348 is divided by 27.
24
What is the remainder when 1063 is divided by 97?
93
What is the remainder when 358 is divided by 90?
88
What is the remainder when 150 is divided by 41?
27
What is the remainder when 52 is divided by 13?
0
Calculate the remainder when 460 is divided by 221.
18
What is the remainder when 1762 is divided by 84?
82
What is the remainder when 267 is divided by 70?
57
Calculate the remainder when 108 is divided by 10.
8
Calculate the remainder when 1053 is divided by 96.
93
Calculate the remainder when 676 is divided by 20.
16
What is the remainder when 56 is divided by 10?
6
Calculate the remainder when 1076 is divided by 45.
41
Calculate the remainder when 318 is divided by 54.
48
Calculate the remainder when 2014 is divided by 666.
16
Calculate the remainder when 3002 is divided by 103.
15
Calculate the remainder when 5162 is divided by 61.
38
What is the remainder when 807 is divided by 211?
174
Calculate the remainder when 417 is divided by 24.
9
What is the remainder when 1057 is divided by 355?
347
Calculate the remainder when 2195 is divided by 157.
154
What is the remainder when 919 is divided by 31?
20
Calculate the remainder when 681 is divided by 34.
1
What is the remainder when 156 is divided by 18?
12
What is the remainder when 1783 is divided by 105?
103
Calculate the remainder when 10126 is divided by 13.
12
Calculate the remainder when 83 is divided by 30.
23
What is the remainder when 1467 is divided by 113?
111
Calculate the remainder when 586 is divided by 118.
114
What is the remainder when 569 is divided by 28?
9
Calculate the remainder when 135 is divided by 35.
30
What is the remainder when 2107 is divided by 140?
7
Calculate the remainder when 416 is divided by 29.
10
Calculate the remainder when 821 is divided by 396.
29
What is the remainder when 430 is divided by 27?
25
What is the remainder when 4024 is divided by 24?
16
Calculate the remainder when 291 is divided by 42.
39
What is the remainder when 69 is divided by 15?
9
Calculate the remainder when 10 is divided by 6.
4
What is the remainder when 278 is divided by 98?
82
What is the remainder when 14299 is divided by 52?
51
Calculate the remainder when 449 is divided by 41.
39
What is the remainder when 173 is divided by 11?
8
What is the remainder when 85 is divided by 60?
25
Calculate the remainder when 831 is divided by 16.
15
Calculate the remainder when 1742 is divided by 870.
2
What is the remainder when 1504 is divided by 153?
127
What is the remainder when 55 is divided by 30?
25
Calculate the remainder when 135 is divided by 35.
30
What is the remainder when 263 is divided by 59?
27
Calculate the remainder when 1034 is divided by 181.
129
What is the remainder when 1650 is divided by 59?
57
What is the remainder when 2006 is divided by 24?
14
Calculate the remainder when 68 is divided by 17.
0
Calculate the remainder when 35594 is divided by 113.
112
Calculate the remainder when 1118 is divided by 16.
14
What is the remainder when 75 is divided by 16?
11
Calculate the remainder when 439 is divided by 26.
23
Calculate the remainder when 606 is divided by 8.
6
Calculate the remainder when 58 is divided by 25.
8
What is the remainder when 53 is divided by 20?
13
Calculate the remainder when 2338 is divided by 60.
58
Calculate the remainder when 63 is divided by 10.
3
What is the remainder when 820 is divided by 289?
242
What is the remainder when 217 is divided by 94?
29
Calculate the remainder when 1928 is divided by 10.
8
Calculate the remainder when 132 is divided by 23.
17
What is the remainder when 241 is divided by 159?
82
Calculate the remainder when 118 is divided by 44.
30
What is the remainder when 3737 is divided by 110?
107
What is the remainder when 813 is divided by 11?
10
Calculate the remainder when 341 is divided by 87.
80
What is the remainder when 91 is divided by 32?
27
Calculate the remainder when 147 is divided by 28.
7
Calculate the remainder when 10210 is divided by 26.
18
What is the remainder when 1119 is divided by 19?
17
Calculate the remainder when 120 is divided by 40.
0
What is the remainder when 114 is divided by 42?
30
Calculate the remainder when 1237 is divided by 31.
28
What is the remainder when 2130 is divided by 41?
39
What is the remainder when 63 is divided by 49?
14
Calculate the remainder when 2766 is divided by 1382.
2
Calculate the remainder when 4211 is divided by 81.
80
What is the remainder when 200 is divided by 44?
24
Calculate the remainder when 16556 is divided by 24.
20
What is the remainder when 5034 is divided by 334?
24
What is the remainder when 5668 is divided by 53?
50
What is the remainder when 452 is divided by 64?
4
Calculate the remainder when 157 is divided by 4.
1
What is the remainder when 771 is divided by 102?
57
Calculate the remainder when 345 is divided by 188.
157
Calculate the remainder when 199 is divided by 16.
7
Calculate the remainder when 2359 is divided by 20.
19
Calculate the remainder when 1152 is divided by 337.
141
Calculate the remainder when 7250 is divided by 49.
47
Calculate the remainder when 1172 is divided by 56.
52
Calculate the remainder when 124 is divided by 3.
1
What is the remainder when 387 is divided by 13?
10
Calculate the remainder when 654 is divided by 4.
2
Calculate the remainder when 103 is divided by 7.
5
Calculate the remainder when 61 is divided by 4.
1
What is the remainder when 1509 is divided by 24?
21
What is the remainder when 255 is divided by 30?
15
Calculate the remainder when 32 is divided by 30.
2
What is the remainder when 2183 is divided by 104?
